ed by 253.
16
What is the remainder when 12733799 is divided by 1607?
1538
What is the remainder when 122729 is divided by 1730?
1629
What is the remainder when 24292926 is divided by 16?
14
Calculate the remainder when 8313381 is divided by 831336.
21
Calculate the remainder when 890785 is divided by 1552.
1489
Calculate the remainder when 9086 is divided by 1399.
692
What is the remainder when 660753 is divided by 4968?
9
Calculate the remainder when 581051 is divided by 50.
1
Calculate the remainder when 127964 is divided by 2700.
1064
What is the remainder when 27633129 is divided by 79178?
7
What is the remainder when 24950550 is divided by 712?
646
What is the remainder when 979276 is divided by 195855?
1
Calculate the remainder when 3304046 is divided by 43474.
22
Calculate the remainder when 16380346 is divided by 50.
46
What is the remainder when 82890 is divided by 16465?
565
Calculate the remainder when 951833 is divided by 75.
8
Calculate the remainder when 7444434 is divided by 871.
868
What is the remainder when 75018447 is divided by 221?
218
What is the remainder when 4874394 is divided by 515?
434
What is the remainder when 6601918 is divided by 3300939?
40
Calculate the remainder when 65442 is divided by 2395.
777
Calculate the remainder when 62090324 is divided by 139.
136
What is the remainder when 819980 is divided by 19523?
14
What is the remainder when 122040 is divided by 24403?
25
Calculate the remainder when 51606317 is divided by 21449.
23
Calculate the remainder when 53429 is divided by 383.
192
Calculate the remainder when 2167562 is divided by 80278.
56
What is the remainder when 13967410 is divided by 192?
178
Calculate the remainder when 4113588 is divided by 74789.
193
What is the remainder when 138963 is divided by 103?
16
What is the remainder when 10389 is divided by 3951?
2487
Calculate the remainder when 2052035 is divided by 17243.
118
Calculate the remainder when 110141 is divided by 1749.
1703
Calculate the remainder when 22237493 is divided by 1574.
21
Calculate the remainder when 57251967 is divided by 27.
6
What is the remainder when 727538 is divided by 1094?
28
Calculate the remainder when 118812 is divided by 19750.
312
Calculate the remainder when 10487797 is divided by 13.
8
What is the remainder when 13161 is divided by 5894?
1373
What is the remainder when 30199356 is divided by 3355482?
18
Calculate the remainder when 77937 is divided by 18907.
2309
Calculate the remainder when 3053888 is divided by 179640.
8
Calculate the remainder when 1937005 is divided by 22.
15
Calculate the remainder when 223356 is divided by 21.
0
Calculate the remainder when 7019 is divided by 4880.
2139
Calculate the remainder when 168198 is divided by 2336.
6
What is the remainder when 1829699 is divided by 198?
179
What is the remainder when 3747507 is divided by 535356?
15
What is the remainder when 9701019 is divided by 383?
12
What is the remainder when 105509 is divided by 4982?
887
Calculate the remainder when 6734549 is divided by 2244841.
26
What is the remainder when 47955315 is divided by 602?
597
What is the remainder when 60623949 is divided by 11?
1
Calculate the remainder when 72264618 is divided by 28518.
6
What is the remainder when 4208571 is divided by 113?
112
What is the remainder when 15533 is divided by 6471?
2591
What is the remainder when 69384903 is divided by 3362?
3309
What is the remainder when 5958 is divided by 5837?
121
What is the remainder when 30180592 is divided by 207?
199
Calculate the remainder when 118151859 is divided by 26.
7
Calculate the remainder when 221288 is divided by 96.
8
Calculate the remainder when 1880154 is divided by 3783.
3
What is the remainder when 18242 is divided by 1456?
770
Calculate the remainder when 18222657 is divided by 1997.
32
What is the remainder when 319777 is divided by 35530?
7
Calculate the remainder when 341394 is divided by 179.
41
What is the remainder when 33147 is divided by 16072?
1003
Calculate the remainder when 1373511 is divided by 274702.
1
What is the remainder when 2422846 is divided by 143?
140
Calculate the remainder when 1193919 is divided by 1656.
1599
What is the remainder when 8453001 is divided by 15?
6
Calculate the remainder when 97302111 is divided by 7.
4
Calculate the remainder when 543090 is divided by 16427.
999
Calculate the remainder when 7934562 is divided by 11191.
143
What is the remainder when 76010 is divided by 1126?
568
What is the remainder when 3799619 is divided by 1212?
1211
What is the remainder when 201715912 is divided by 240?
232
Calculate the remainder when 216732574 is divided by 1575.
1549
Calculate the remainder when 125705 is divided by 1337.
27
What is the remainder when 28561331 is divided by 3228?
3215
What is the remainder when 727900 is divided by 10252?
8
Calculate the remainder when 12214 is divided by 763.
6
What is the remainder when 124915 is divided by 12060?
4315
Calculate the remainder when 2530701 is divided by 30.
21
What is the remainder when 1893293 is divided by 654?
617
What is the remainder when 12781810 is divided by 6390826?
158
What is the remainder when 19712079 is divided by 1833?
1830
What is the remainder when 53679225 is divided by 5367919?
35
What is the remainder when 455467 is divided by 2179?
56
Calculate the remainder when 18941585 is divided by 180396.
5
What is the remainder when 80379 is divided by 3574?
1751
Calculate the remainder when 631797 is divided by 904.
805
What is the remainder when 8268755 is divided by 565?
545
What is the remainder when 1297821 is divided by 17538?
9
Calculate the remainder when 733116 is divided by 125.
116
Calculate the remainder when 32893 is divided by 2367.
2122
What is the remainder when 11586 is divided by 2708?
754
Calculate the remainder when 208883 is divided by 82.
29
Calculate the remainder when 238743320 is divided by 214.
212
What is the remainder when 301161 is divided by 351?
3
What is the remainder when 39462906 is divided by 43799?
7
Calculate the remainder when 207631 is divided by 164.
7
Calculate the remainder when 29267372 is divided by 202.
198
What is the remainder when 31927389 is divided by 11?
10
Calculate the remainder when 229180 is divided by 742.
644
What is the remainder when 8667560 is divided by 81?
74
Calculate the remainder when 269262 is divided by 32045.
12902
Calculate the remainder when 26780358 is divided by 8926746.
120
What is the remainder when 989565975 is divided by 9188?
9187
Calculate the remainder when 298575 is divided by 28.
11
What is the remainder when 290035 is divided by 4522?
627
What is the remainder when 903311 is divided by 6458?
5649
What is the remainder when 16058555 is divided by 294?
275
What is the remainder when 1801276 is divided by 900638?
0
What is the remainder when 3920837 is divided by 836?
833
What is the remainder when 15052721 is divided by 2150372?
117
What is the remainder when 4573350 is divided by 11462?
12
What is the remainder when 412008 is divided by 1879?
507
What is the remainder when 37331 is divided by 214?
95
What is the remainder when 2902207 is divided by 350?
7
What is the remainder when 75778017 is divided by 176?
161
Calculate the remainder when 6386087 is divided by 92.
91
What is the remainder when 1258090 is divided by 314481?
166
What is the remainder when 9917169 is divided by 8196?
9
What is the remainder when 3744197 is divided by 485?
482
What is the remainder when 4583504 is divided by 63?
2
What is the remainder when 1371207 is divided by 9522?
39
Calculate the remainder when 89871 is divided by 89865.
6
Calculate the remainder when 2974475 is divided by 11850.
125
Calculate the remainder when 40329201 is divided by 5038.
11
What is the remainder when 4881751 is divided by 1274?
1057
Calculate the remainder when 1500353 is divided by 1556.
369
What is the remainder when 24815 is divided by 6074?
519
What is the remainder when 337859 is divided by 1364?
951
Calculate the remainder when 113843 is divided by 56146.
1551
Calculate the remainder when 2654674 is divided by 68.
22
What is the remainder when 1005466 is divided by 4?
2
What is the remainder when 633150 is divided by 2153?
168
Calculate the remainder when 921975 is 